{"id":3222,"date":"2026-04-28T09:22:39","date_gmt":"2026-04-28T06:22:39","guid":{"rendered":"https:\/\/kaakamo.fi\/kylatoimintayhdistys\/?page_id=3222"},"modified":"2026-04-28T09:36:47","modified_gmt":"2026-04-28T06:36:47","slug":"vuoden-lappilainen-kyla","status":"publish","type":"page","link":"https:\/\/kaakamo.fi\/kylatoimintayhdistys\/vuoden-lappilainen-kyla\/","title":{"rendered":"Vuoden Lappilainen kyl\u00e4"},"content":{"rendered":"\t\t<div data-elementor-type=\"wp-page\" data-elementor-id=\"3222\" class=\"elementor elementor-3222\">\n\t\t\t\t\t\t<header class=\"elementor-section elementor-top-section elementor-element elementor-element-134cd42 elementor-section-height-min-height elementor-section-boxed elementor-section-height-default elementor-section-items-middle\" data-id=\"134cd42\" data-element_type=\"section\" data-e-type=\"section\" data-settings=\"{&quot;background_background&quot;:&quot;classic&quot;}\">\n\t\t\t\t\t\t\t<div class=\"elementor-background-overlay\"><\/div>\n\t\t\t\t\t\t\t<div class=\"elementor-container elementor-column-gap-wider\">\n\t\t\t\t\t<div class=\"elementor-column elementor-col-100 elementor-top-column elementor-element elementor-element-9ec5c6f elementor-invisible\" data-id=\"9ec5c6f\" data-element_type=\"column\" data-e-type=\"column\" data-settings=\"{&quot;background_background&quot;:&quot;classic&quot;,&quot;animation&quot;:&quot;fadeIn&quot;}\">\n\t\t\t<div class=\"elementor-widget-wrap elementor-element-populated\">\n\t\t\t\t\t\t<section class=\"elementor-section elementor-inner-section elementor-element elementor-element-fcc2f4a elementor-section-boxed elementor-section-height-default elementor-section-height-default\" data-id=\"fcc2f4a\" data-element_type=\"section\" data-e-type=\"section\">\n\t\t\t\t\t\t<div class=\"elementor-container elementor-column-gap-no\">\n\t\t\t\t\t<div class=\"elementor-column elementor-col-100 elementor-inner-column elementor-element elementor-element-84a489b\" data-id=\"84a489b\" data-element_type=\"column\" data-e-type=\"column\" data-settings=\"{&quot;animation&quot;:&quot;none&quot;}\">\n\t\t\t<div class=\"elementor-widget-wrap elementor-element-populated\">\n\t\t\t\t\t\t<div class=\"elementor-element elementor-element-35b098a elementor-widget-divider--view-line elementor-widget elementor-widget-divider\" data-id=\"35b098a\" data-element_type=\"widget\" data-e-type=\"widget\" data-widget_type=\"divider.default\">\n\t\t\t\t<div class=\"elementor-widget-container\">\n\t\t\t\t\t\t\t<div class=\"elementor-divider\">\n\t\t\t<span class=\"elementor-divider-separator\">\n\t\t\t\t\t\t<\/span>\n\t\t<\/div>\n\t\t\t\t\t\t<\/div>\n\t\t\t\t<\/div>\n\t\t\t\t<div class=\"elementor-element elementor-element-5dcffde elementor-widget__width-initial elementor-widget elementor-widget-heading\" data-id=\"5dcffde\" data-element_type=\"widget\" data-e-type=\"widget\" data-widget_type=\"heading.default\">\n\t\t\t\t<div class=\"elementor-widget-container\">\n\t\t\t\t\t<h1 class=\"elementor-heading-title elementor-size-default\">Vuoden Lappilainen kyl\u00e4<\/h1>\t\t\t\t<\/div>\n\t\t\t\t<\/div>\n\t\t\t\t\t<\/div>\n\t\t<\/div>\n\t\t\t\t\t<\/div>\n\t\t<\/section>\n\t\t\t\t\t<\/div>\n\t\t<\/div>\n\t\t\t\t\t<\/div>\n\t\t<\/header>\n\t\t<div class=\"elementor-element elementor-element-05c07eb e-flex e-con-boxed e-con e-parent\" data-id=\"05c07eb\" data-element_type=\"container\" data-e-type=\"container\">\n\t\t\t\t\t<div class=\"e-con-inner\">\n\t\t\t\t<div class=\"elementor-element elementor-element-dbc7dea elementor-widget elementor-widget-text-editor\" data-id=\"dbc7dea\" data-element_type=\"widget\" data-e-type=\"widget\" data-widget_type=\"text-editor.default\">\n\t\t\t\t<div class=\"elementor-widget-container\">\n\t\t\t\t\t\t\t\t\t<h2 data-path-to-node=\"1\">Kaakamo on Vuoden lappilainen kyl\u00e4 2026 \u2013 Yhteishenki ja talkoot toivat voiton jo toistamiseen!<\/h2><p data-path-to-node=\"2\">Tornion etel\u00e4isin kyl\u00e4, noin tuhannen asukkaan Kaakamo, on valittu Vuoden lappilaiseksi kyl\u00e4ksi 2026. Tunnustus osui kyl\u00e4n kohdalle jo toisen kerran, sill\u00e4 edellisen kerran titteli\u00e4 juhlittiin tasan kymmenen vuotta sitten. Palkinnon my\u00f6nt\u00e4\u00e4 vuosittain Lappilaiset Kyl\u00e4t ry yhteisty\u00f6ss\u00e4 L\u00e4hiTapiola Lapin kanssa kyl\u00e4lle, joka on luonut toiminnallaan positiivista kuvaa kyl\u00e4toiminnasta.<\/p><h3 data-path-to-node=\"3\">Mik\u00e4 tekee Kaakamosta palkinnon arvoisen?<\/h3><ul data-path-to-node=\"4\"><li><p data-path-to-node=\"4,0,0\"><b data-path-to-node=\"4,0,0\" data-index-in-node=\"0\">Vahva talkoohenki ja yhdess\u00e4 tekeminen:<\/b> Kyl\u00e4p\u00e4\u00e4llikk\u00f6 Ari Keskitalo ja muut kyl\u00e4aktiivit korostavat yhteis\u00f6n voimaa. Talkoisiin l\u00f6ytyy aina tekij\u00f6it\u00e4, ja kyl\u00e4ll\u00e4 j\u00e4rjestet\u00e4\u00e4n toimintaa vauvasta vaariin usean eri yhdistyksen yhteisty\u00f6n\u00e4.<\/p><\/li><li><p data-path-to-node=\"4,1,0\"><b data-path-to-node=\"4,1,0\" data-index-in-node=\"0\">Koulu kyl\u00e4n syd\u00e4men\u00e4:<\/b> Noin 60 oppilaan koulu on Kaakamon keskus. Kyl\u00e4l\u00e4iset ja yhdistykset tekev\u00e4t aktiivisesti t\u00f6it\u00e4 lasten ja nuorten eteen. Esimerkiksi koulun l\u00e4heinen talviliikuntapaikka kaukaloineen ja laavuineen pidet\u00e4\u00e4n talkoovoimin pelikunnossa.<\/p><\/li><li><p data-path-to-node=\"4,2,0\"><b data-path-to-node=\"4,2,0\" data-index-in-node=\"0\">Vire\u00e4 kulttuuriel\u00e4m\u00e4:<\/b> Hyvinvointi- ja kulttuuriyhdistys Valistus pit\u00e4\u00e4 huolen kulttuuritarjonnasta. Kes\u00e4ll\u00e4 kyl\u00e4 on mukana kotiseutup\u00e4ivill\u00e4, ja vireill\u00e4 on my\u00f6s paikallista historiaa huokuva yhteis\u00f6taideprojekti taiteilija Sirpa Alal\u00e4\u00e4kk\u00f6l\u00e4n n\u00e4yttelyiden pohjalta.<\/p><\/li><li><p data-path-to-node=\"4,3,0\"><b data-path-to-node=\"4,3,0\" data-index-in-node=\"0\">Tiivis ja l\u00e4mminhenkinen asuinymp\u00e4rist\u00f6:<\/b> Niin koululaiset kuin kyl\u00e4lle paluumuuttaneetkin kiittelev\u00e4t Kaakamon yhteis\u00f6llisyytt\u00e4. Kavereita ja sukulaisia asuu l\u00e4hell\u00e4, ja palvelut ovat sujuvasti saavutettavissa naapurikaupunkien puolella.<\/p><\/li><\/ul><h3 data-path-to-node=\"5\">Katse tiukasti tulevaisuudessa<\/h3><p data-path-to-node=\"6\">Kaakamossa ei vain lep\u00e4ill\u00e4 laakereilla, vaan kyl\u00e4\u00e4 kehitet\u00e4\u00e4n jatkuvasti. Tulevana kes\u00e4n\u00e4 luvassa on esimerkiksi Kaakamoniemen kunnostetun uimarannan avajaiset. Uimarannan kunnostus toteutettiin Tornion kaupungin osallistuvan budjetoinnin tuella.<\/p><p data-path-to-node=\"7\">Lis\u00e4ksi Kaakamo tekee tiivist\u00e4 yhteisty\u00f6t\u00e4 muiden Tornion kylien kanssa isommissa hankkeissa. Suunnitteilla on muun muassa <i data-path-to-node=\"7\" data-index-in-node=\"123\">Kylien radio<\/i>, jonka tarkoituksena on turvata haja-asutusalueiden arkea ja tiedonkulkua mahdollisissa s\u00e4hk\u00f6katko- tai h\u00e4iri\u00f6tilanteissa. Tervetuloa tutustumaan aktiiviseen ja yhteis\u00f6lliseen Kaakamoon!<\/p>\t\t\t\t\t\t\t\t<\/div>\n\t\t\t\t<\/div>\n\t\t\t\t\t<\/div>\n\t\t\t\t<\/div>\n\t\t\t\t<\/div>\n\t\t","protected":false},"excerpt":{"rendered":"<p>Vuoden Lappilainen kyl\u00e4 Kaakamo on Vuoden lappilainen kyl\u00e4 2026 \u2013 Yhteishenki ja talkoot toivat voiton jo toistamiseen! Tornion etel\u00e4isin kyl\u00e4, noin tuhannen asukkaan Kaakamo, on valittu Vuoden lappilaiseksi kyl\u00e4ksi 2026. Tunnustus osui kyl\u00e4n kohdalle jo toisen kerran, sill\u00e4 edellisen kerran titteli\u00e4 juhlittiin tasan kymmenen vuotta sitten. Palkinnon my\u00f6nt\u00e4\u00e4 vuosittain Lappilaiset Kyl\u00e4t ry yhteisty\u00f6ss\u00e4 L\u00e4hiTapiola Lapin&#8230;<\/p>\n","protected":false},"author":1,"featured_media":2844,"parent":0,"menu_order":0,"comment_status":"closed","ping_status":"closed","template":"elementor_header_footer","meta":{"_kad_post_transparent":"default","_kad_post_title":"hide","_kad_post_layout":"fullwidth","_kad_post_sidebar_id":"","_kad_post_content_style":"unboxed","_kad_post_vertical_padding":"hide","_kad_post_feature":"hide","_kad_post_feature_position":"","_kad_post_header":false,"_kad_post_footer":false,"_kad_post_classname":"","footnotes":""},"class_list":["post-3222","page","type-page","status-publish","has-post-thumbnail","hentry"],"yoast_head":"<!-- This site is optimized with the Yoast SEO plugin v27.5 - https:\/\/yoast.com\/product\/yoast-seo-wordpress\/ -->\n<title>Vuoden Lappilainen kyl\u00e4 - Kaakamo<\/title>\n<meta name=\"description\" content=\"Kaakamo on Tornion kaupunkiin kuuluva noin 1350 asukkaan kyl\u00e4,\" \/>\n<meta name=\"robots\" content=\"index, follow, max-snippet:-1, max-image-preview:large, max-video-preview:-1\" \/>\n<link rel=\"canonical\" href=\"https:\/\/kaakamo.fi\/kylatoimintayhdistys\/vuoden-lappilainen-kyla\/\" \/>\n<meta property=\"og:locale\" content=\"fi_FI\" \/>\n<meta property=\"og:type\" content=\"article\" \/>\n<meta property=\"og:title\" content=\"Vuoden Lappilainen kyl\u00e4 - Kaakamo\" \/>\n<meta property=\"og:description\" content=\"Kaakamo on Tornion kaupunkiin kuuluva noin 1350 asukkaan kyl\u00e4,\" \/>\n<meta property=\"og:url\" content=\"https:\/\/kaakamo.fi\/kylatoimintayhdistys\/vuoden-lappilainen-kyla\/\" \/>\n<meta property=\"og:site_name\" content=\"Kaakamon kyl\u00e4toimintayhdistys\" \/>\n<meta property=\"article:modified_time\" content=\"2026-04-28T06:36:47+00:00\" \/>\n<meta property=\"og:image\" content=\"https:\/\/kaakamo.fi\/kylatoimintayhdistys\/wp-content\/uploads\/2025\/05\/cropped-kaakamo-iso-logo.png\" \/>\n\t<meta property=\"og:image:width\" content=\"512\" \/>\n\t<meta property=\"og:image:height\" content=\"512\" \/>\n\t<meta property=\"og:image:type\" content=\"image\/png\" \/>\n<meta name=\"twitter:card\" content=\"summary_large_image\" \/>\n<meta name=\"twitter:label1\" content=\"Arvioitu lukuaika\" \/>\n\t<meta name=\"twitter:data1\" content=\"2 minuuttia\" \/>\n<script type=\"application\/ld+json\" class=\"yoast-schema-graph\">{\"@context\":\"https:\\\/\\\/schema.org\",\"@graph\":[{\"@type\":\"WebPage\",\"@id\":\"https:\\\/\\\/kaakamo.fi\\\/kylatoimintayhdistys\\\/vuoden-lappilainen-kyla\\\/\",\"url\":\"https:\\\/\\\/kaakamo.fi\\\/kylatoimintayhdistys\\\/vuoden-lappilainen-kyla\\\/\",\"name\":\"Vuoden Lappilainen kyl\u00e4 - Kaakamo\",\"isPartOf\":{\"@id\":\"https:\\\/\\\/kaakamo.fi\\\/kylatoimintayhdistys\\\/#website\"},\"primaryImageOfPage\":{\"@id\":\"https:\\\/\\\/kaakamo.fi\\\/kylatoimintayhdistys\\\/vuoden-lappilainen-kyla\\\/#primaryimage\"},\"image\":{\"@id\":\"https:\\\/\\\/kaakamo.fi\\\/kylatoimintayhdistys\\\/vuoden-lappilainen-kyla\\\/#primaryimage\"},\"thumbnailUrl\":\"https:\\\/\\\/kaakamo.fi\\\/kylatoimintayhdistys\\\/wp-content\\\/uploads\\\/2025\\\/05\\\/cropped-kaakamo-iso-logo.png\",\"datePublished\":\"2026-04-28T06:22:39+00:00\",\"dateModified\":\"2026-04-28T06:36:47+00:00\",\"description\":\"Kaakamo on Tornion kaupunkiin kuuluva noin 1350 asukkaan kyl\u00e4,\",\"breadcrumb\":{\"@id\":\"https:\\\/\\\/kaakamo.fi\\\/kylatoimintayhdistys\\\/vuoden-lappilainen-kyla\\\/#breadcrumb\"},\"inLanguage\":\"fi\",\"potentialAction\":[{\"@type\":\"ReadAction\",\"target\":[\"https:\\\/\\\/kaakamo.fi\\\/kylatoimintayhdistys\\\/vuoden-lappilainen-kyla\\\/\"]}]},{\"@type\":\"ImageObject\",\"inLanguage\":\"fi\",\"@id\":\"https:\\\/\\\/kaakamo.fi\\\/kylatoimintayhdistys\\\/vuoden-lappilainen-kyla\\\/#primaryimage\",\"url\":\"https:\\\/\\\/kaakamo.fi\\\/kylatoimintayhdistys\\\/wp-content\\\/uploads\\\/2025\\\/05\\\/cropped-kaakamo-iso-logo.png\",\"contentUrl\":\"https:\\\/\\\/kaakamo.fi\\\/kylatoimintayhdistys\\\/wp-content\\\/uploads\\\/2025\\\/05\\\/cropped-kaakamo-iso-logo.png\",\"width\":512,\"height\":512},{\"@type\":\"BreadcrumbList\",\"@id\":\"https:\\\/\\\/kaakamo.fi\\\/kylatoimintayhdistys\\\/vuoden-lappilainen-kyla\\\/#breadcrumb\",\"itemListElement\":[{\"@type\":\"ListItem\",\"position\":1,\"name\":\"Etusivu\",\"item\":\"https:\\\/\\\/kaakamo.fi\\\/kylatoimintayhdistys\\\/\"},{\"@type\":\"ListItem\",\"position\":2,\"name\":\"Vuoden Lappilainen kyl\u00e4\"}]},{\"@type\":\"WebSite\",\"@id\":\"https:\\\/\\\/kaakamo.fi\\\/kylatoimintayhdistys\\\/#website\",\"url\":\"https:\\\/\\\/kaakamo.fi\\\/kylatoimintayhdistys\\\/\",\"name\":\"Kaakamon kyl\u00e4toimintayhdistys\",\"description\":\"\",\"publisher\":{\"@id\":\"https:\\\/\\\/kaakamo.fi\\\/kylatoimintayhdistys\\\/#organization\"},\"potentialAction\":[{\"@type\":\"SearchAction\",\"target\":{\"@type\":\"EntryPoint\",\"urlTemplate\":\"https:\\\/\\\/kaakamo.fi\\\/kylatoimintayhdistys\\\/?s={search_term_string}\"},\"query-input\":{\"@type\":\"PropertyValueSpecification\",\"valueRequired\":true,\"valueName\":\"search_term_string\"}}],\"inLanguage\":\"fi\"},{\"@type\":\"Organization\",\"@id\":\"https:\\\/\\\/kaakamo.fi\\\/kylatoimintayhdistys\\\/#organization\",\"name\":\"Kaakamon kyl\u00e4toimintayhdistys\",\"url\":\"https:\\\/\\\/kaakamo.fi\\\/kylatoimintayhdistys\\\/\",\"logo\":{\"@type\":\"ImageObject\",\"inLanguage\":\"fi\",\"@id\":\"https:\\\/\\\/kaakamo.fi\\\/kylatoimintayhdistys\\\/#\\\/schema\\\/logo\\\/image\\\/\",\"url\":\"https:\\\/\\\/kaakamo.fi\\\/kylatoimintayhdistys\\\/wp-content\\\/uploads\\\/2025\\\/05\\\/cropped-kaakamo-logo.png\",\"contentUrl\":\"https:\\\/\\\/kaakamo.fi\\\/kylatoimintayhdistys\\\/wp-content\\\/uploads\\\/2025\\\/05\\\/cropped-kaakamo-logo.png\",\"width\":343,\"height\":198,\"caption\":\"Kaakamon kyl\u00e4toimintayhdistys\"},\"image\":{\"@id\":\"https:\\\/\\\/kaakamo.fi\\\/kylatoimintayhdistys\\\/#\\\/schema\\\/logo\\\/image\\\/\"}}]}<\/script>\n<!-- \/ Yoast SEO plugin. -->","yoast_head_json":{"title":"Vuoden Lappilainen kyl\u00e4 - Kaakamo","description":"Kaakamo on Tornion kaupunkiin kuuluva noin 1350 asukkaan kyl\u00e4,","robots":{"index":"index","follow":"follow","max-snippet":"max-snippet:-1","max-image-preview":"max-image-preview:large","max-video-preview":"max-video-preview:-1"},"canonical":"https:\/\/kaakamo.fi\/kylatoimintayhdistys\/vuoden-lappilainen-kyla\/","og_locale":"fi_FI","og_type":"article","og_title":"Vuoden Lappilainen kyl\u00e4 - Kaakamo","og_description":"Kaakamo on Tornion kaupunkiin kuuluva noin 1350 asukkaan kyl\u00e4,","og_url":"https:\/\/kaakamo.fi\/kylatoimintayhdistys\/vuoden-lappilainen-kyla\/","og_site_name":"Kaakamon kyl\u00e4toimintayhdistys","article_modified_time":"2026-04-28T06:36:47+00:00","og_image":[{"width":512,"height":512,"url":"https:\/\/kaakamo.fi\/kylatoimintayhdistys\/wp-content\/uploads\/2025\/05\/cropped-kaakamo-iso-logo.png","type":"image\/png"}],"twitter_card":"summary_large_image","twitter_misc":{"Arvioitu lukuaika":"2 minuuttia"},"schema":{"@context":"https:\/\/schema.org","@graph":[{"@type":"WebPage","@id":"https:\/\/kaakamo.fi\/kylatoimintayhdistys\/vuoden-lappilainen-kyla\/","url":"https:\/\/kaakamo.fi\/kylatoimintayhdistys\/vuoden-lappilainen-kyla\/","name":"Vuoden Lappilainen kyl\u00e4 - Kaakamo","isPartOf":{"@id":"https:\/\/kaakamo.fi\/kylatoimintayhdistys\/#website"},"primaryImageOfPage":{"@id":"https:\/\/kaakamo.fi\/kylatoimintayhdistys\/vuoden-lappilainen-kyla\/#primaryimage"},"image":{"@id":"https:\/\/kaakamo.fi\/kylatoimintayhdistys\/vuoden-lappilainen-kyla\/#primaryimage"},"thumbnailUrl":"https:\/\/kaakamo.fi\/kylatoimintayhdistys\/wp-content\/uploads\/2025\/05\/cropped-kaakamo-iso-logo.png","datePublished":"2026-04-28T06:22:39+00:00","dateModified":"2026-04-28T06:36:47+00:00","description":"Kaakamo on Tornion kaupunkiin kuuluva noin 1350 asukkaan kyl\u00e4,","breadcrumb":{"@id":"https:\/\/kaakamo.fi\/kylatoimintayhdistys\/vuoden-lappilainen-kyla\/#breadcrumb"},"inLanguage":"fi","potentialAction":[{"@type":"ReadAction","target":["https:\/\/kaakamo.fi\/kylatoimintayhdistys\/vuoden-lappilainen-kyla\/"]}]},{"@type":"ImageObject","inLanguage":"fi","@id":"https:\/\/kaakamo.fi\/kylatoimintayhdistys\/vuoden-lappilainen-kyla\/#primaryimage","url":"https:\/\/kaakamo.fi\/kylatoimintayhdistys\/wp-content\/uploads\/2025\/05\/cropped-kaakamo-iso-logo.png","contentUrl":"https:\/\/kaakamo.fi\/kylatoimintayhdistys\/wp-content\/uploads\/2025\/05\/cropped-kaakamo-iso-logo.png","width":512,"height":512},{"@type":"BreadcrumbList","@id":"https:\/\/kaakamo.fi\/kylatoimintayhdistys\/vuoden-lappilainen-kyla\/#breadcrumb","itemListElement":[{"@type":"ListItem","position":1,"name":"Etusivu","item":"https:\/\/kaakamo.fi\/kylatoimintayhdistys\/"},{"@type":"ListItem","position":2,"name":"Vuoden Lappilainen kyl\u00e4"}]},{"@type":"WebSite","@id":"https:\/\/kaakamo.fi\/kylatoimintayhdistys\/#website","url":"https:\/\/kaakamo.fi\/kylatoimintayhdistys\/","name":"Kaakamon kyl\u00e4toimintayhdistys","description":"","publisher":{"@id":"https:\/\/kaakamo.fi\/kylatoimintayhdistys\/#organization"},"potentialAction":[{"@type":"SearchAction","target":{"@type":"EntryPoint","urlTemplate":"https:\/\/kaakamo.fi\/kylatoimintayhdistys\/?s={search_term_string}"},"query-input":{"@type":"PropertyValueSpecification","valueRequired":true,"valueName":"search_term_string"}}],"inLanguage":"fi"},{"@type":"Organization","@id":"https:\/\/kaakamo.fi\/kylatoimintayhdistys\/#organization","name":"Kaakamon kyl\u00e4toimintayhdistys","url":"https:\/\/kaakamo.fi\/kylatoimintayhdistys\/","logo":{"@type":"ImageObject","inLanguage":"fi","@id":"https:\/\/kaakamo.fi\/kylatoimintayhdistys\/#\/schema\/logo\/image\/","url":"https:\/\/kaakamo.fi\/kylatoimintayhdistys\/wp-content\/uploads\/2025\/05\/cropped-kaakamo-logo.png","contentUrl":"https:\/\/kaakamo.fi\/kylatoimintayhdistys\/wp-content\/uploads\/2025\/05\/cropped-kaakamo-logo.png","width":343,"height":198,"caption":"Kaakamon kyl\u00e4toimintayhdistys"},"image":{"@id":"https:\/\/kaakamo.fi\/kylatoimintayhdistys\/#\/schema\/logo\/image\/"}}]}},"_links":{"self":[{"href":"https:\/\/kaakamo.fi\/kylatoimintayhdistys\/wp-json\/wp\/v2\/pages\/3222","targetHints":{"allow":["GET"]}}],"collection":[{"href":"https:\/\/kaakamo.fi\/kylatoimintayhdistys\/wp-json\/wp\/v2\/pages"}],"about":[{"href":"https:\/\/kaakamo.fi\/kylatoimintayhdistys\/wp-json\/wp\/v2\/types\/page"}],"author":[{"embeddable":true,"href":"https:\/\/kaakamo.fi\/kylatoimintayhdistys\/wp-json\/wp\/v2\/users\/1"}],"replies":[{"embeddable":true,"href":"https:\/\/kaakamo.fi\/kylatoimintayhdistys\/wp-json\/wp\/v2\/comments?post=3222"}],"version-history":[{"count":8,"href":"https:\/\/kaakamo.fi\/kylatoimintayhdistys\/wp-json\/wp\/v2\/pages\/3222\/revisions"}],"predecessor-version":[{"id":3233,"href":"https:\/\/kaakamo.fi\/kylatoimintayhdistys\/wp-json\/wp\/v2\/pages\/3222\/revisions\/3233"}],"wp:featuredmedia":[{"embeddable":true,"href":"https:\/\/kaakamo.fi\/kylatoimintayhdistys\/wp-json\/wp\/v2\/media\/2844"}],"wp:attachment":[{"href":"https:\/\/kaakamo.fi\/kylatoimintayhdistys\/wp-json\/wp\/v2\/media?parent=3222"}],"curies":[{"name":"wp","href":"https:\/\/api.w.org\/{rel}","templated":true}]}}