{"id":821,"date":"2021-12-27T14:50:04","date_gmt":"2021-12-27T14:50:04","guid":{"rendered":"https:\/\/kaakamo.fi\/kaakamonruottalanosakaskunta\/?page_id=821"},"modified":"2023-05-29T09:18:01","modified_gmt":"2023-05-29T07:18:01","slug":"paatoksenteko","status":"publish","type":"page","link":"https:\/\/kaakamo.fi\/kaakamonruottalanosakaskunta\/paatoksenteko\/","title":{"rendered":"P\u00e4\u00e4t\u00f6ksenteko"},"content":{"rendered":"\t\t<div data-elementor-type=\"wp-page\" data-elementor-id=\"821\" class=\"elementor elementor-821\">\n\t\t\t\t\t\t<section class=\"elementor-section elementor-top-section elementor-element elementor-element-31a7555b elementor-section-boxed elementor-section-height-default elementor-section-height-default\" data-id=\"31a7555b\" data-element_type=\"section\" data-e-type=\"section\" data-settings=\"{&quot;background_background&quot;:&quot;classic&quot;}\">\n\t\t\t\t\t\t\t<div class=\"elementor-background-overlay\"><\/div>\n\t\t\t\t\t\t\t<div class=\"elementor-container elementor-column-gap-default\">\n\t\t\t\t\t<div class=\"elementor-column elementor-col-100 elementor-top-column elementor-element elementor-element-78c6fe54\" data-id=\"78c6fe54\" data-element_type=\"column\" data-e-type=\"column\">\n\t\t\t<div class=\"elementor-widget-wrap elementor-element-populated\">\n\t\t\t\t\t\t<section class=\"elementor-section elementor-inner-section elementor-element elementor-element-58f88b6f elementor-section-boxed elementor-section-height-default elementor-section-height-default\" data-id=\"58f88b6f\" data-element_type=\"section\" data-e-type=\"section\" data-settings=\"{&quot;background_background&quot;:&quot;classic&quot;}\">\n\t\t\t\t\t\t<div class=\"elementor-container elementor-column-gap-narrow\">\n\t\t\t\t\t<div class=\"elementor-column elementor-col-50 elementor-inner-column elementor-element elementor-element-41c9881a\" data-id=\"41c9881a\" data-element_type=\"column\" data-e-type=\"column\">\n\t\t\t<div class=\"elementor-widget-wrap elementor-element-populated\">\n\t\t\t\t\t\t<div class=\"elementor-element elementor-element-3ff460b elementor-widget elementor-widget-heading\" data-id=\"3ff460b\" data-element_type=\"widget\" data-e-type=\"widget\" data-widget_type=\"heading.default\">\n\t\t\t\t<div class=\"elementor-widget-container\">\n\t\t\t\t\t<h1 class=\"elementor-heading-title elementor-size-default\">P\u00e4\u00e4t\u00f6ksenteko<\/h1>\t\t\t\t<\/div>\n\t\t\t\t<\/div>\n\t\t\t\t<div class=\"elementor-element elementor-element-efd0d50 elementor-widget-divider--view-line elementor-widget elementor-widget-divider\" data-id=\"efd0d50\" data-element_type=\"widget\" data-e-type=\"widget\" data-widget_type=\"divider.default\">\n\t\t\t\t<div class=\"elementor-widget-container\">\n\t\t\t\t\t\t\t<div class=\"elementor-divider\">\n\t\t\t<span class=\"elementor-divider-separator\">\n\t\t\t\t\t\t<\/span>\n\t\t<\/div>\n\t\t\t\t\t\t<\/div>\n\t\t\t\t<\/div>\n\t\t\t\t\t<\/div>\n\t\t<\/div>\n\t\t\t\t<div class=\"elementor-column elementor-col-50 elementor-inner-column elementor-element elementor-element-3c8d5244\" data-id=\"3c8d5244\" data-element_type=\"column\" data-e-type=\"column\">\n\t\t\t<div class=\"elementor-widget-wrap elementor-element-populated\">\n\t\t\t\t\t\t<div class=\"elementor-element elementor-element-74ff6000 elementor-widget elementor-widget-spacer\" data-id=\"74ff6000\" data-element_type=\"widget\" data-e-type=\"widget\" data-widget_type=\"spacer.default\">\n\t\t\t\t<div class=\"elementor-widget-container\">\n\t\t\t\t\t\t\t<div class=\"elementor-spacer\">\n\t\t\t<div class=\"elementor-spacer-inner\"><\/div>\n\t\t<\/div>\n\t\t\t\t\t\t<\/div>\n\t\t\t\t<\/div>\n\t\t\t\t<div class=\"elementor-element elementor-element-32d0573f elementor-widget elementor-widget-heading\" data-id=\"32d0573f\" data-element_type=\"widget\" data-e-type=\"widget\" data-widget_type=\"heading.default\">\n\t\t\t\t<div class=\"elementor-widget-container\">\n\t\t\t\t\t<h3 class=\"elementor-heading-title elementor-size-default\">Osakaskunnan varsinainen yleinen kokous (vuosikokous) pidet\u00e4\u00e4n vuosittain huhtikuun loppuun menness\u00e4.<\/h3>\t\t\t\t<\/div>\n\t\t\t\t<\/div>\n\t\t\t\t\t<\/div>\n\t\t<\/div>\n\t\t\t\t\t<\/div>\n\t\t<\/section>\n\t\t\t\t\t<\/div>\n\t\t<\/div>\n\t\t\t\t\t<\/div>\n\t\t<\/section>\n\t\t\t\t<section class=\"elementor-section elementor-top-section elementor-element elementor-element-62848d1 elementor-section-boxed elementor-section-height-default elementor-section-height-default\" data-id=\"62848d1\" data-element_type=\"section\" data-e-type=\"section\" data-settings=\"{&quot;background_background&quot;:&quot;classic&quot;}\">\n\t\t\t\t\t\t\t<div class=\"elementor-background-overlay\"><\/div>\n\t\t\t\t\t\t\t<div class=\"elementor-container elementor-column-gap-default\">\n\t\t\t\t\t<div class=\"elementor-column elementor-col-100 elementor-top-column elementor-element elementor-element-35956841\" data-id=\"35956841\" data-element_type=\"column\" data-e-type=\"column\">\n\t\t\t<div class=\"elementor-widget-wrap elementor-element-populated\">\n\t\t\t\t\t\t<div class=\"elementor-element elementor-element-38ff00e5 elementor-widget elementor-widget-spacer\" data-id=\"38ff00e5\" data-element_type=\"widget\" data-e-type=\"widget\" data-widget_type=\"spacer.default\">\n\t\t\t\t<div class=\"elementor-widget-container\">\n\t\t\t\t\t\t\t<div class=\"elementor-spacer\">\n\t\t\t<div class=\"elementor-spacer-inner\"><\/div>\n\t\t<\/div>\n\t\t\t\t\t\t<\/div>\n\t\t\t\t<\/div>\n\t\t\t\t\t<\/div>\n\t\t<\/div>\n\t\t\t\t\t<\/div>\n\t\t<\/section>\n\t\t\t\t<section class=\"elementor-section elementor-top-section elementor-element elementor-element-53014fc7 elementor-section-boxed elementor-section-height-default elementor-section-height-default\" data-id=\"53014fc7\" data-element_type=\"section\" data-e-type=\"section\">\n\t\t\t\t\t\t<div class=\"elementor-container elementor-column-gap-wider\">\n\t\t\t\t\t<div class=\"elementor-column elementor-col-50 elementor-top-column elementor-element elementor-element-4212cf7\" data-id=\"4212cf7\" data-element_type=\"column\" data-e-type=\"column\">\n\t\t\t<div class=\"elementor-widget-wrap elementor-element-populated\">\n\t\t\t\t\t\t<div class=\"elementor-element elementor-element-6cf04d13 elementor-widget elementor-widget-heading\" data-id=\"6cf04d13\" data-element_type=\"widget\" data-e-type=\"widget\" data-widget_type=\"heading.default\">\n\t\t\t\t<div class=\"elementor-widget-container\">\n\t\t\t\t\t<h2 class=\"elementor-heading-title elementor-size-default\">p\u00e4\u00e4t\u00f6ksenteko<\/h2>\t\t\t\t<\/div>\n\t\t\t\t<\/div>\n\t\t\t\t<div class=\"elementor-element elementor-element-54af27db elementor-widget-divider--view-line elementor-widget elementor-widget-divider\" data-id=\"54af27db\" data-element_type=\"widget\" data-e-type=\"widget\" data-widget_type=\"divider.default\">\n\t\t\t\t<div class=\"elementor-widget-container\">\n\t\t\t\t\t\t\t<div class=\"elementor-divider\">\n\t\t\t<span class=\"elementor-divider-separator\">\n\t\t\t\t\t\t<\/span>\n\t\t<\/div>\n\t\t\t\t\t\t<\/div>\n\t\t\t\t<\/div>\n\t\t\t\t<div class=\"elementor-element elementor-element-751629c5 elementor-widget elementor-widget-text-editor\" data-id=\"751629c5\" data-element_type=\"widget\" data-e-type=\"widget\" data-widget_type=\"text-editor.default\">\n\t\t\t\t<div class=\"elementor-widget-container\">\n\t\t\t\t\t\t\t\t\t<p><span style=\"font-size: 1.2em; letter-spacing: -0.6px;\">Osakaskunnan varsinainen yleinen kokous (vuosikokous) pidet\u00e4\u00e4n vuosittain huhtikuun loppuun menness\u00e4. Tarvittaessa osakkaat voidaan kutsua koolle ylim\u00e4\u00e4r\u00e4iseen kokoukseen. Kokouskutsu julkaistaan v\u00e4hint\u00e4\u00e4n 14 vrk ennen kokousta.<\/span><br><\/p>\n<p><span style=\"font-size: 1.2em; letter-spacing: -0.6px;\">HUOM! Osakas, joka haluaa tiedon kokouskutsusta s\u00e4hk\u00f6postitse, voi ilmoittaa s\u00e4hk\u00f6postiosoitteensa osakaskunnalle.<\/span><\/p>\n<p>Vuosikokouksessa k\u00e4sitell\u00e4\u00e4n s\u00e4\u00e4nt\u00f6jen (2019) m\u00e4\u00e4r\u00e4\u00e4m\u00e4t asiat, sek\u00e4 sellaiset muut asiat, jotka on tuotu hoitokunnan tietoon ja valmisteluun ennen kuluvan vuoden tammikuun loppua.<\/p>\n<p>Yleisess\u00e4 kokouksessa edustus- ja \u00e4\u00e4nioikeus on kiinteist\u00f6rekisteriin merkittyjen osakaskiinteist\u00f6jen omistajilla, osaomistajilla sek\u00e4 yhteisomistajilla yhteisesti. Omistusoikeus ja osakkuus (kylien yhteinen vesialue) on vaadittaessa osoitettava virallisin asiakirjoin, ensisijaisesti kiinteist\u00f6rekisteriotteella ja lainhuutotodistuksella. Osallistumis- ja puheoikeus kokouksessa on my\u00f6s muilla henkil\u00f6ill\u00e4, joiden etua tai oikeutta kokousp\u00e4\u00e4t\u00f6kset voivat koskea.<\/p>\n<p>Kaakamoniemen lohipatoyhtym\u00e4n vuosikokous pidet\u00e4\u00e4n yleens\u00e4 samassa paikassa ja p\u00e4iv\u00e4n\u00e4, v\u00e4litt\u00f6m\u00e4sti osakaskunnan kokouksen j\u00e4lkeen. \u00c4\u00e4nioikeutettuja osakkaita ovat p\u00e4\u00e4osin samat kiinteist\u00f6nomistajat kuin osakaskunnan kokouksessa, ei kuitenkaan t\u00e4ysin<\/p>\t\t\t\t\t\t\t\t<\/div>\n\t\t\t\t<\/div>\n\t\t\t\t\t<\/div>\n\t\t<\/div>\n\t\t\t\t<div class=\"elementor-column elementor-col-50 elementor-top-column elementor-element elementor-element-beb3de9\" data-id=\"beb3de9\" data-element_type=\"column\" data-e-type=\"column\">\n\t\t\t<div class=\"elementor-widget-wrap elementor-element-populated\">\n\t\t\t\t\t\t<div class=\"elementor-element elementor-element-3fe711d8 elementor-widget elementor-widget-image\" data-id=\"3fe711d8\" data-element_type=\"widget\" data-e-type=\"widget\" data-widget_type=\"image.default\">\n\t\t\t\t<div class=\"elementor-widget-container\">\n\t\t\t\t\t\t\t\t\t\t\t\t\t\t\t\t<a href=\"https:\/\/kaakamo.fi\/kaakamonruottalanosakaskunta\/wp-content\/uploads\/2021\/12\/kaakamo38.jpg\" data-elementor-open-lightbox=\"yes\" data-elementor-lightbox-title=\"kaakamo38\" data-e-action-hash=\"#elementor-action%3Aaction%3Dlightbox%26settings%3DeyJpZCI6NTk5LCJ1cmwiOiJodHRwczpcL1wva2Fha2Ftby5maVwva2Fha2Ftb25ydW90dGFsYW5vc2FrYXNrdW50YVwvd3AtY29udGVudFwvdXBsb2Fkc1wvMjAyMVwvMTJcL2thYWthbW8zOC5qcGcifQ%3D%3D\">\n\t\t\t\t\t\t\t<img fetchpriority=\"high\" decoding=\"async\" width=\"1024\" height=\"768\" src=\"https:\/\/kaakamo.fi\/kaakamonruottalanosakaskunta\/wp-content\/uploads\/2021\/12\/kaakamo38.jpg\" class=\"attachment-full size-full wp-image-599\" alt=\"\" srcset=\"https:\/\/kaakamo.fi\/kaakamonruottalanosakaskunta\/wp-content\/uploads\/2021\/12\/kaakamo38.jpg 1024w, https:\/\/kaakamo.fi\/kaakamonruottalanosakaskunta\/wp-content\/uploads\/2021\/12\/kaakamo38-300x225.jpg 300w, https:\/\/kaakamo.fi\/kaakamonruottalanosakaskunta\/wp-content\/uploads\/2021\/12\/kaakamo38-768x576.jpg 768w\" sizes=\"(max-width: 1024px) 100vw, 1024px\" \/>\t\t\t\t\t\t\t\t<\/a>\n\t\t\t\t\t\t\t\t\t\t\t\t\t\t\t<\/div>\n\t\t\t\t<\/div>\n\t\t\t\t<div class=\"elementor-element elementor-element-324d327 elementor-widget elementor-widget-heading\" data-id=\"324d327\" data-element_type=\"widget\" data-e-type=\"widget\" data-widget_type=\"heading.default\">\n\t\t\t\t<div class=\"elementor-widget-container\">\n\t\t\t\t\t<h2 class=\"elementor-heading-title elementor-size-default\">liitteet<\/h2>\t\t\t\t<\/div>\n\t\t\t\t<\/div>\n\t\t\t\t<div class=\"elementor-element elementor-element-2813154 elementor-widget-divider--view-line elementor-widget elementor-widget-divider\" data-id=\"2813154\" data-element_type=\"widget\" data-e-type=\"widget\" data-widget_type=\"divider.default\">\n\t\t\t\t<div class=\"elementor-widget-container\">\n\t\t\t\t\t\t\t<div class=\"elementor-divider\">\n\t\t\t<span class=\"elementor-divider-separator\">\n\t\t\t\t\t\t<\/span>\n\t\t<\/div>\n\t\t\t\t\t\t<\/div>\n\t\t\t\t<\/div>\n\t\t\t\t<div class=\"elementor-element elementor-element-21d9186 elementor-align-start elementor-icon-list--layout-traditional elementor-list-item-link-full_width elementor-widget elementor-widget-icon-list\" data-id=\"21d9186\" data-element_type=\"widget\" data-e-type=\"widget\" data-widget_type=\"icon-list.default\">\n\t\t\t\t<div class=\"elementor-widget-container\">\n\t\t\t\t\t\t\t<ul class=\"elementor-icon-list-items\">\n\t\t\t\t\t\t\t<li class=\"elementor-icon-list-item\">\n\t\t\t\t\t\t\t\t\t\t\t<a href=\"https:\/\/drive.google.com\/file\/d\/1XlbCPOU36uKMuICKfIvuLBNWKxcZHu6r\/view?usp=sharing\">\n\n\t\t\t\t\t\t\t\t\t\t\t\t<span class=\"elementor-icon-list-icon\">\n\t\t\t\t\t\t\t<i aria-hidden=\"true\" class=\"far fa-dot-circle\"><\/i>\t\t\t\t\t\t<\/span>\n\t\t\t\t\t\t\t\t\t\t<span class=\"elementor-icon-list-text\">OSAKASKUNNAN S\u00c4\u00c4NN\u00d6T<\/span>\n\t\t\t\t\t\t\t\t\t\t\t<\/a>\n\t\t\t\t\t\t\t\t\t<\/li>\n\t\t\t\t\t\t\t\t<li class=\"elementor-icon-list-item\">\n\t\t\t\t\t\t\t\t\t\t\t<a href=\"https:\/\/docs.google.com\/document\/d\/1aFwB9EQBrcUgheBQSmvy0rGVzoJUeV-b\/edit?usp=sharing&#038;ouid=105033983509138726641&#038;rtpof=true&#038;sd=true\">\n\n\t\t\t\t\t\t\t\t\t\t\t\t<span class=\"elementor-icon-list-icon\">\n\t\t\t\t\t\t\t<i aria-hidden=\"true\" class=\"far fa-dot-circle\"><\/i>\t\t\t\t\t\t<\/span>\n\t\t\t\t\t\t\t\t\t\t<span class=\"elementor-icon-list-text\">HENKIL\u00d6REKISTERISELOSTE<\/span>\n\t\t\t\t\t\t\t\t\t\t\t<\/a>\n\t\t\t\t\t\t\t\t\t<\/li>\n\t\t\t\t\t\t<\/ul>\n\t\t\t\t\t\t<\/div>\n\t\t\t\t<\/div>\n\t\t\t\t<div class=\"elementor-element elementor-element-0a8bf5e elementor-widget elementor-widget-image\" data-id=\"0a8bf5e\" data-element_type=\"widget\" data-e-type=\"widget\" data-widget_type=\"image.default\">\n\t\t\t\t<div class=\"elementor-widget-container\">\n\t\t\t\t\t\t\t\t\t\t\t\t\t\t\t\t<a href=\"https:\/\/kaakamo.fi\/kaakamonruottalanosakaskunta\/wp-content\/uploads\/2021\/12\/20200227_130429_eriava-mielipide-1024x768-1.jpg\" data-elementor-open-lightbox=\"yes\" data-elementor-lightbox-title=\"20200227_130429_eriava-mielipide-1024x768\" data-e-action-hash=\"#elementor-action%3Aaction%3Dlightbox%26settings%3DeyJpZCI6NTYyLCJ1cmwiOiJodHRwczpcL1wva2Fha2Ftby5maVwva2Fha2Ftb25ydW90dGFsYW5vc2FrYXNrdW50YVwvd3AtY29udGVudFwvdXBsb2Fkc1wvMjAyMVwvMTJcLzIwMjAwMjI3XzEzMDQyOV9lcmlhdmEtbWllbGlwaWRlLTEwMjR4NzY4LTEuanBnIn0%3D\">\n\t\t\t\t\t\t\t<img decoding=\"async\" width=\"1024\" height=\"768\" src=\"https:\/\/kaakamo.fi\/kaakamonruottalanosakaskunta\/wp-content\/uploads\/2021\/12\/20200227_130429_eriava-mielipide-1024x768-1.jpg\" class=\"attachment-large size-large wp-image-562\" alt=\"\" srcset=\"https:\/\/kaakamo.fi\/kaakamonruottalanosakaskunta\/wp-content\/uploads\/2021\/12\/20200227_130429_eriava-mielipide-1024x768-1.jpg 1024w, https:\/\/kaakamo.fi\/kaakamonruottalanosakaskunta\/wp-content\/uploads\/2021\/12\/20200227_130429_eriava-mielipide-1024x768-1-300x225.jpg 300w, https:\/\/kaakamo.fi\/kaakamonruottalanosakaskunta\/wp-content\/uploads\/2021\/12\/20200227_130429_eriava-mielipide-1024x768-1-768x576.jpg 768w\" sizes=\"(max-width: 1024px) 100vw, 1024px\" \/>\t\t\t\t\t\t\t\t<\/a>\n\t\t\t\t\t\t\t\t\t\t\t\t\t\t\t<\/div>\n\t\t\t\t<\/div>\n\t\t\t\t<div class=\"elementor-element elementor-element-60d8137 elementor-widget elementor-widget-text-editor\" data-id=\"60d8137\" data-element_type=\"widget\" data-e-type=\"widget\" data-widget_type=\"text-editor.default\">\n\t\t\t\t<div class=\"elementor-widget-container\">\n\t\t\t\t\t\t\t\t\t<p class=\"et_pb_gallery_title\">Eri\u00e4v\u00e4 mielipide<br \/>P\u00e4\u00e4t\u00f6ksenteko voi joskus olla eri\u00e4v\u00e4\u00e4!<\/p>\t\t\t\t\t\t\t\t<\/div>\n\t\t\t\t<\/div>\n\t\t\t\t\t<\/div>\n\t\t<\/div>\n\t\t\t\t\t<\/div>\n\t\t<\/section>\n\t\t\t\t<section class=\"elementor-section elementor-top-section elementor-element elementor-element-738b07c4 elementor-section-boxed elementor-section-height-default elementor-section-height-default\" data-id=\"738b07c4\" data-element_type=\"section\" data-e-type=\"section\" data-settings=\"{&quot;background_background&quot;:&quot;classic&quot;}\">\n\t\t\t\t\t\t\t<div class=\"elementor-background-overlay\"><\/div>\n\t\t\t\t\t\t\t<div class=\"elementor-container elementor-column-gap-default\">\n\t\t\t\t\t<div class=\"elementor-column elementor-col-100 elementor-top-column elementor-element elementor-element-4acf51aa\" data-id=\"4acf51aa\" data-element_type=\"column\" data-e-type=\"column\">\n\t\t\t<div class=\"elementor-widget-wrap elementor-element-populated\">\n\t\t\t\t\t\t<div class=\"elementor-element elementor-element-7d7d1a16 elementor-widget elementor-widget-spacer\" data-id=\"7d7d1a16\" data-element_type=\"widget\" data-e-type=\"widget\" data-widget_type=\"spacer.default\">\n\t\t\t\t<div class=\"elementor-widget-container\">\n\t\t\t\t\t\t\t<div class=\"elementor-spacer\">\n\t\t\t<div class=\"elementor-spacer-inner\"><\/div>\n\t\t<\/div>\n\t\t\t\t\t\t<\/div>\n\t\t\t\t<\/div>\n\t\t\t\t\t<\/div>\n\t\t<\/div>\n\t\t\t\t\t<\/div>\n\t\t<\/section>\n\t\t\t\t<\/div>\n\t\t","protected":false},"excerpt":{"rendered":"<p>P\u00e4\u00e4t\u00f6ksenteko Osakaskunnan varsinainen yleinen kokous (vuosikokous) pidet\u00e4\u00e4n vuosittain huhtikuun loppuun menness\u00e4. p\u00e4\u00e4t\u00f6ksenteko Osakaskunnan varsinainen yleinen kokous (vuosikokous) pidet\u00e4\u00e4n vuosittain huhtikuun loppuun menness\u00e4. Tarvittaessa osakkaat voidaan kutsua koolle ylim\u00e4\u00e4r\u00e4iseen kokoukseen. Kokouskutsu julkaistaan v\u00e4hint\u00e4\u00e4n 14 vrk ennen kokousta. HUOM! Osakas, joka haluaa tiedon kokouskutsusta s\u00e4hk\u00f6postitse, voi ilmoittaa s\u00e4hk\u00f6postiosoitteensa osakaskunnalle. Vuosikokouksessa k\u00e4sitell\u00e4\u00e4n s\u00e4\u00e4nt\u00f6jen (2019) m\u00e4\u00e4r\u00e4\u00e4m\u00e4t asiat, sek\u00e4 sellaiset&#8230;<\/p>\n","protected":false},"author":1,"featured_media":0,"parent":0,"menu_order":0,"comment_status":"closed","ping_status":"closed","template":"elementor_header_footer","meta":{"_kad_post_transparent":"default","_kad_post_title":"hide","_kad_post_layout":"fullwidth","_kad_post_sidebar_id":"","_kad_post_content_style":"unboxed","_kad_post_vertical_padding":"hide","_kad_post_feature":"hide","_kad_post_feature_position":"","_kad_post_header":false,"_kad_post_footer":false,"_kad_post_classname":"","footnotes":""},"class_list":["post-821","page","type-page","status-publish","hentry"],"yoast_head":"<!-- This site is optimized with the Yoast SEO plugin v27.5 - https:\/\/yoast.com\/product\/yoast-seo-wordpress\/ -->\n<title>P\u00e4\u00e4t\u00f6ksenteko - KAAKAMO-RUOTTALAN OSAKASKUNTA<\/title>\n<meta name=\"robots\" content=\"index, follow, max-snippet:-1, max-image-preview:large, max-video-preview:-1\" \/>\n<link rel=\"canonical\" href=\"https:\/\/kaakamo.fi\/kaakamonruottalanosakaskunta\/paatoksenteko\/\" \/>\n<meta property=\"og:locale\" content=\"fi_FI\" \/>\n<meta property=\"og:type\" content=\"article\" \/>\n<meta property=\"og:title\" content=\"P\u00e4\u00e4t\u00f6ksenteko - KAAKAMO-RUOTTALAN OSAKASKUNTA\" \/>\n<meta property=\"og:description\" content=\"P\u00e4\u00e4t\u00f6ksenteko Osakaskunnan varsinainen yleinen kokous (vuosikokous) pidet\u00e4\u00e4n vuosittain huhtikuun loppuun menness\u00e4. p\u00e4\u00e4t\u00f6ksenteko Osakaskunnan varsinainen yleinen kokous (vuosikokous) pidet\u00e4\u00e4n vuosittain huhtikuun loppuun menness\u00e4. Tarvittaessa osakkaat voidaan kutsua koolle ylim\u00e4\u00e4r\u00e4iseen kokoukseen. Kokouskutsu julkaistaan v\u00e4hint\u00e4\u00e4n 14 vrk ennen kokousta. HUOM! Osakas, joka haluaa tiedon kokouskutsusta s\u00e4hk\u00f6postitse, voi ilmoittaa s\u00e4hk\u00f6postiosoitteensa osakaskunnalle. Vuosikokouksessa k\u00e4sitell\u00e4\u00e4n s\u00e4\u00e4nt\u00f6jen (2019) m\u00e4\u00e4r\u00e4\u00e4m\u00e4t asiat, sek\u00e4 sellaiset...\" \/>\n<meta property=\"og:url\" content=\"https:\/\/kaakamo.fi\/kaakamonruottalanosakaskunta\/paatoksenteko\/\" \/>\n<meta property=\"og:site_name\" content=\"KAAKAMO-RUOTTALAN OSAKASKUNTA\" \/>\n<meta property=\"article:modified_time\" content=\"2023-05-29T07:18:01+00:00\" \/>\n<meta property=\"og:image\" content=\"https:\/\/kaakamo.fi\/kaakamonruottalanosakaskunta\/wp-content\/uploads\/2021\/12\/kaakamo38.jpg\" \/>\n<meta name=\"twitter:card\" content=\"summary_large_image\" \/>\n<meta name=\"twitter:label1\" content=\"Arvioitu lukuaika\" \/>\n\t<meta name=\"twitter:data1\" content=\"2 minuuttia\" \/>\n<script type=\"application\/ld+json\" class=\"yoast-schema-graph\">{\"@context\":\"https:\\\/\\\/schema.org\",\"@graph\":[{\"@type\":\"WebPage\",\"@id\":\"https:\\\/\\\/kaakamo.fi\\\/kaakamonruottalanosakaskunta\\\/paatoksenteko\\\/\",\"url\":\"https:\\\/\\\/kaakamo.fi\\\/kaakamonruottalanosakaskunta\\\/paatoksenteko\\\/\",\"name\":\"P\u00e4\u00e4t\u00f6ksenteko - KAAKAMO-RUOTTALAN OSAKASKUNTA\",\"isPartOf\":{\"@id\":\"https:\\\/\\\/kaakamo.fi\\\/kaakamonruottalanosakaskunta\\\/#website\"},\"primaryImageOfPage\":{\"@id\":\"https:\\\/\\\/kaakamo.fi\\\/kaakamonruottalanosakaskunta\\\/paatoksenteko\\\/#primaryimage\"},\"image\":{\"@id\":\"https:\\\/\\\/kaakamo.fi\\\/kaakamonruottalanosakaskunta\\\/paatoksenteko\\\/#primaryimage\"},\"thumbnailUrl\":\"https:\\\/\\\/kaakamo.fi\\\/kaakamonruottalanosakaskunta\\\/wp-content\\\/uploads\\\/2021\\\/12\\\/kaakamo38.jpg\",\"datePublished\":\"2021-12-27T14:50:04+00:00\",\"dateModified\":\"2023-05-29T07:18:01+00:00\",\"breadcrumb\":{\"@id\":\"https:\\\/\\\/kaakamo.fi\\\/kaakamonruottalanosakaskunta\\\/paatoksenteko\\\/#breadcrumb\"},\"inLanguage\":\"fi\",\"potentialAction\":[{\"@type\":\"ReadAction\",\"target\":[\"https:\\\/\\\/kaakamo.fi\\\/kaakamonruottalanosakaskunta\\\/paatoksenteko\\\/\"]}]},{\"@type\":\"ImageObject\",\"inLanguage\":\"fi\",\"@id\":\"https:\\\/\\\/kaakamo.fi\\\/kaakamonruottalanosakaskunta\\\/paatoksenteko\\\/#primaryimage\",\"url\":\"https:\\\/\\\/kaakamo.fi\\\/kaakamonruottalanosakaskunta\\\/wp-content\\\/uploads\\\/2021\\\/12\\\/kaakamo38.jpg\",\"contentUrl\":\"https:\\\/\\\/kaakamo.fi\\\/kaakamonruottalanosakaskunta\\\/wp-content\\\/uploads\\\/2021\\\/12\\\/kaakamo38.jpg\"},{\"@type\":\"BreadcrumbList\",\"@id\":\"https:\\\/\\\/kaakamo.fi\\\/kaakamonruottalanosakaskunta\\\/paatoksenteko\\\/#breadcrumb\",\"itemListElement\":[{\"@type\":\"ListItem\",\"position\":1,\"name\":\"Etusivu\",\"item\":\"https:\\\/\\\/kaakamo.fi\\\/kaakamonruottalanosakaskunta\\\/\"},{\"@type\":\"ListItem\",\"position\":2,\"name\":\"P\u00e4\u00e4t\u00f6ksenteko\"}]},{\"@type\":\"WebSite\",\"@id\":\"https:\\\/\\\/kaakamo.fi\\\/kaakamonruottalanosakaskunta\\\/#website\",\"url\":\"https:\\\/\\\/kaakamo.fi\\\/kaakamonruottalanosakaskunta\\\/\",\"name\":\"KAAKAMO-RUOTTALAN OSAKASKUNTA\",\"description\":\"\",\"potentialAction\":[{\"@type\":\"SearchAction\",\"target\":{\"@type\":\"EntryPoint\",\"urlTemplate\":\"https:\\\/\\\/kaakamo.fi\\\/kaakamonruottalanosakaskunta\\\/?s={search_term_string}\"},\"query-input\":{\"@type\":\"PropertyValueSpecification\",\"valueRequired\":true,\"valueName\":\"search_term_string\"}}],\"inLanguage\":\"fi\"}]}<\/script>\n<!-- \/ Yoast SEO plugin. -->","yoast_head_json":{"title":"P\u00e4\u00e4t\u00f6ksenteko - KAAKAMO-RUOTTALAN OSAKASKUNTA","robots":{"index":"index","follow":"follow","max-snippet":"max-snippet:-1","max-image-preview":"max-image-preview:large","max-video-preview":"max-video-preview:-1"},"canonical":"https:\/\/kaakamo.fi\/kaakamonruottalanosakaskunta\/paatoksenteko\/","og_locale":"fi_FI","og_type":"article","og_title":"P\u00e4\u00e4t\u00f6ksenteko - KAAKAMO-RUOTTALAN OSAKASKUNTA","og_description":"P\u00e4\u00e4t\u00f6ksenteko Osakaskunnan varsinainen yleinen kokous (vuosikokous) pidet\u00e4\u00e4n vuosittain huhtikuun loppuun menness\u00e4. p\u00e4\u00e4t\u00f6ksenteko Osakaskunnan varsinainen yleinen kokous (vuosikokous) pidet\u00e4\u00e4n vuosittain huhtikuun loppuun menness\u00e4. Tarvittaessa osakkaat voidaan kutsua koolle ylim\u00e4\u00e4r\u00e4iseen kokoukseen. Kokouskutsu julkaistaan v\u00e4hint\u00e4\u00e4n 14 vrk ennen kokousta. HUOM! Osakas, joka haluaa tiedon kokouskutsusta s\u00e4hk\u00f6postitse, voi ilmoittaa s\u00e4hk\u00f6postiosoitteensa osakaskunnalle. Vuosikokouksessa k\u00e4sitell\u00e4\u00e4n s\u00e4\u00e4nt\u00f6jen (2019) m\u00e4\u00e4r\u00e4\u00e4m\u00e4t asiat, sek\u00e4 sellaiset...","og_url":"https:\/\/kaakamo.fi\/kaakamonruottalanosakaskunta\/paatoksenteko\/","og_site_name":"KAAKAMO-RUOTTALAN OSAKASKUNTA","article_modified_time":"2023-05-29T07:18:01+00:00","og_image":[{"url":"https:\/\/kaakamo.fi\/kaakamonruottalanosakaskunta\/wp-content\/uploads\/2021\/12\/kaakamo38.jpg","type":"","width":"","height":""}],"twitter_card":"summary_large_image","twitter_misc":{"Arvioitu lukuaika":"2 minuuttia"},"schema":{"@context":"https:\/\/schema.org","@graph":[{"@type":"WebPage","@id":"https:\/\/kaakamo.fi\/kaakamonruottalanosakaskunta\/paatoksenteko\/","url":"https:\/\/kaakamo.fi\/kaakamonruottalanosakaskunta\/paatoksenteko\/","name":"P\u00e4\u00e4t\u00f6ksenteko - KAAKAMO-RUOTTALAN OSAKASKUNTA","isPartOf":{"@id":"https:\/\/kaakamo.fi\/kaakamonruottalanosakaskunta\/#website"},"primaryImageOfPage":{"@id":"https:\/\/kaakamo.fi\/kaakamonruottalanosakaskunta\/paatoksenteko\/#primaryimage"},"image":{"@id":"https:\/\/kaakamo.fi\/kaakamonruottalanosakaskunta\/paatoksenteko\/#primaryimage"},"thumbnailUrl":"https:\/\/kaakamo.fi\/kaakamonruottalanosakaskunta\/wp-content\/uploads\/2021\/12\/kaakamo38.jpg","datePublished":"2021-12-27T14:50:04+00:00","dateModified":"2023-05-29T07:18:01+00:00","breadcrumb":{"@id":"https:\/\/kaakamo.fi\/kaakamonruottalanosakaskunta\/paatoksenteko\/#breadcrumb"},"inLanguage":"fi","potentialAction":[{"@type":"ReadAction","target":["https:\/\/kaakamo.fi\/kaakamonruottalanosakaskunta\/paatoksenteko\/"]}]},{"@type":"ImageObject","inLanguage":"fi","@id":"https:\/\/kaakamo.fi\/kaakamonruottalanosakaskunta\/paatoksenteko\/#primaryimage","url":"https:\/\/kaakamo.fi\/kaakamonruottalanosakaskunta\/wp-content\/uploads\/2021\/12\/kaakamo38.jpg","contentUrl":"https:\/\/kaakamo.fi\/kaakamonruottalanosakaskunta\/wp-content\/uploads\/2021\/12\/kaakamo38.jpg"},{"@type":"BreadcrumbList","@id":"https:\/\/kaakamo.fi\/kaakamonruottalanosakaskunta\/paatoksenteko\/#breadcrumb","itemListElement":[{"@type":"ListItem","position":1,"name":"Etusivu","item":"https:\/\/kaakamo.fi\/kaakamonruottalanosakaskunta\/"},{"@type":"ListItem","position":2,"name":"P\u00e4\u00e4t\u00f6ksenteko"}]},{"@type":"WebSite","@id":"https:\/\/kaakamo.fi\/kaakamonruottalanosakaskunta\/#website","url":"https:\/\/kaakamo.fi\/kaakamonruottalanosakaskunta\/","name":"KAAKAMO-RUOTTALAN OSAKASKUNTA","description":"","potentialAction":[{"@type":"SearchAction","target":{"@type":"EntryPoint","urlTemplate":"https:\/\/kaakamo.fi\/kaakamonruottalanosakaskunta\/?s={search_term_string}"},"query-input":{"@type":"PropertyValueSpecification","valueRequired":true,"valueName":"search_term_string"}}],"inLanguage":"fi"}]}},"_links":{"self":[{"href":"https:\/\/kaakamo.fi\/kaakamonruottalanosakaskunta\/wp-json\/wp\/v2\/pages\/821","targetHints":{"allow":["GET"]}}],"collection":[{"href":"https:\/\/kaakamo.fi\/kaakamonruottalanosakaskunta\/wp-json\/wp\/v2\/pages"}],"about":[{"href":"https:\/\/kaakamo.fi\/kaakamonruottalanosakaskunta\/wp-json\/wp\/v2\/types\/page"}],"author":[{"embeddable":true,"href":"https:\/\/kaakamo.fi\/kaakamonruottalanosakaskunta\/wp-json\/wp\/v2\/users\/1"}],"replies":[{"embeddable":true,"href":"https:\/\/kaakamo.fi\/kaakamonruottalanosakaskunta\/wp-json\/wp\/v2\/comments?post=821"}],"version-history":[{"count":64,"href":"https:\/\/kaakamo.fi\/kaakamonruottalanosakaskunta\/wp-json\/wp\/v2\/pages\/821\/revisions"}],"predecessor-version":[{"id":1261,"href":"https:\/\/kaakamo.fi\/kaakamonruottalanosakaskunta\/wp-json\/wp\/v2\/pages\/821\/revisions\/1261"}],"wp:attachment":[{"href":"https:\/\/kaakamo.fi\/kaakamonruottalanosakaskunta\/wp-json\/wp\/v2\/media?parent=821"}],"curies":[{"name":"wp","href":"https:\/\/api.w.org\/{rel}","templated":true}]}}